 -153153 + 13514?
-135235
In base 14, what is da - -45178?
45274
In base 4, what is -1331321212232 + -2?
-1331321212300
In base 14, what is 2345 - 600?
1b45
In base 11, what is 398 + 1?
399
In base 9, what is 72753 + -1?
72752
In base 9, what is 2378784 + 86?
2378881
In base 4, what is -103110 + 1000111321?
1000002211
In base 5, what is -31 + -34424404?
-34424440
In base 11, what is -8932635 + 56?
-893258a
In base 3, what is 1020122121 - 101111?
1020021010
In base 15, what is -10a721 + -8a?
-10a7ab
In base 2, what is -11001001101001110000101111100 - 11?
-11001001101001110000101111111
In base 12, what is -529432 - -14?
-52941a
In base 14, what is -5651 + 9b?
-5594
In base 12, what is -4 - -a538737?
a538733
In base 10, what is 2083237 + -1?
2083236
In base 3, what is -1011121202 - -10?
-1011121122
In base 6, what is 4541450432 - -24?
4541450500
In base 6, what is -2124 - -115055021?
115052453
In base 4, what is 2201 - 111023200?
-111020333
In base 2, what is 1000111 + 1011101101000011101?
1011101101001100100
In base 16, what is 1af - 2c741?
-2c592
In base 6, what is 21051 - 41304?
-20213
In base 7, what is -2414525 + 10?
-2414515
In base 3, what is -102010111012110002 + 0?
-102010111012110002
In base 9, what is 52057 - -602?
52660
In base 15, what is 514dee9 - 4?
514dee5
In base 5, what is 11333343 - -4341?
11343234
In base 8, what is -4 + 2227147664?
2227147660
In base 6, what is -1 + -1223020335?
-1223020340
In base 13, what is -1952 + -416?
-2068
In base 16, what is 3 + 10c380?
10c383
In base 11, what is -13455a593 + -5?
-13455a598
In base 8, what is 14720 + 22321?
37241
In base 16, what is 2 + 7ea840f?
7ea8411
In base 4, what is 132302 + 320301?
1113203
In base 2, what is 111 + -10100111000010001110?
-10100111000010000111
In base 16, what is 73c068 + c?
73c074
In base 9, what is 8 - -1274670?
1274678
In base 9, what is 0 + -11175681?
-11175681
In base 3, what is 120122202 - 201121?
112221011
In base 8, what is 6 + 20033550?
20033556
In base 8, what is -60311053 + -3?
-60311056
In base 9, what is -47256 + 273?
-46873
In base 14, what is 1d0a + 188?
2094
In base 14, what is -30b369 + -8?
-30b373
In base 6, what is -320050 - 2005?
-322055
In base 11, what is -7 - -9874756?
987474a
In base 13, what is 283 - 2b11?
-285b
In base 6, what is -4 + 3050033531?
3050033523
In base 12, what is 3 + -a1480a9?
-a1480a6
In base 7, what is 24463642 - 4?
24463635
In base 12, what is -b76b5b1 - 5?
-b76b5b6
In base 9, what is -1576 - -17156?
15470
In base 14, what is 2 - -2d0ca95?
2d0ca97
In base 16, what is -764 - -2d0?
-494
In base 7, what is -22442 + -1046?
-23521
In base 14, what is -4 + 487d29?
487d25
In base 16, what is -6e - 92eb?
-9359
In base 14, what is 2 - 1b3d75a?
-1b3d758
In base 13, what is -8 - -10a4b7?
10a4ac
In base 5, what is -12011 + 12140043?
12123032
In base 10, what is 4 + -26297325?
-26297321
In base 5, what is 13442101320 + -1?
13442101314
In base 11, what is 2 - -2561049?
2561050
In base 12, what is -12b5 - 65837?
-66b30
In base 11, what is -166 - -60a?
454
In base 11, what is -307340 + -72?
-307402
In base 3, what is -1010210121200220212 - 0?
-1010210121200220212
In base 6, what is 311350531 - -23?
311350554
In base 10, what is 174092 + 0?
174092
In base 2, what is 0 + -10001000010011101111000?
-10001000010011101111000
In base 9, what is -512435 - -7?
-512427
In base 12, what is -1290419 + 13?
-1290406
In base 5, what is 2030 - -42121020?
42123100
In base 14, what is -53d80d - -1d?
-53d7d0
In base 6, what is -212035 + -3435?
-215514
In base 14, what is -7 + -23bc44?
-23bc4b
In base 12, what is 6 + 1213ab3?
1213ab9
In base 8, what is 10333706 - -6?
10333714
In base 7, what is -36 - -140050353?
140050314
In base 10, what is 0 + -192190887?
-192190887
In base 8, what is 706716 - 2254?
704442
In base 15, what is 32153 - 633?
31a20
In base 13, what is 2 - 32669?
-32667
In base 13, what is 24cac2 + 6?
24cac8
In base 8, what is -67147013 - 2?
-67147015
In base 10, what is 14 - -11396740?
11396754
In base 9, what is 1250 + 6624?
7874
In base 11, what is 77a7 - 204?
75a3
In base 12, what is 469 + 312b?
3598
In base 2, what is -1001010 + -110100111100011101110?
-110100111100100111000
In base 8, what is -2 + -2234704?
-2234706
In base 9, what is 1 + 3135473?
3135474
In base 8, what is -750 - -116403?
115433
In base 14, what is -18a + 7742d?
77283
In base 2, what is 101001001 + 1101110001010000101?
1101110001111001110
In base 9, what is -21043 - -4171?
-15762
In base 10, what is -8 + 34303397?
34303389
In base 5, what is -20144340 - -233?
-20144102
In base 13, what is -492ba - 4c?
-49339
In base 10, what is -408 + -365467?
-365875
In base 16, what is -d9 + 453a3?
452ca
In base 8, what is -17 + 12746173?
12746154
In base 13, what is 1464 - 13443?
-11cac
In base 15, what is -2a + 13e5?
13ba
In base 7, what is -1300311 - -233?
-1300045
In base 12, what is -32aaa021 - 3?
-32aaa024
In base 9, what is -8744837 + -5?
-8744843
In base 3, what is 100100012 - -112020020?
212120102
In base 9, what is -368782 + -456?
-370348
In base 12, what is 5aa5b0 + 38?
5aa628
In base 15, what is -1e + 1204c7?
1204a8
In base 6, what is -12422 - -10251?
-2131
In base 4, what is -12 - 2031012101300?
-2031012101312
In base 3, what is 110022 + -12201101120211?
-12201101010112
In base 13, what is 4 + 20c28cc?
20c2903
In base 10, what is 883257 + -50?
883207
In base 11, what is 228645 - 19?
228627
In base 10, what is -93732711 + -5?
-93732716
In base 10, what is 1349659 + 16?
1349675
In base 11, what is -115 + 92a99?
92984
In base 10, what is -223 + 15241?
15018
In base 10, what is 48 - 102241?
-102193
In base 15, what is -438c + 1de?
-419d
In base 13, what is -35397296 + 3?
-35397293
In base 5, what is 340 - -44323002?
44323342
In base 15, what is -a - c0a1b6?
-c0a1c1
In base 9, what is 57 + -28363567?
-28363510
In base 8, what is 403 + -60462?
-60057
In base 7, what is -20 - 4415453?
-4415503
In base 15, what is 2a98 + 36?
2ace
In base 2, what is 101011 + 110101010111000111?
110101010111110010
In base 3, what is -210212 - 22021020202?
-22022001121
In base 11, what is 8 - 254282?
-254275
In base 13, what is a29 + -267?
792
In base 14, what is 2 - -1160660?
1160662
In base 10, what is 43 + -13812?
-13769
In base 3, what is 10110002 + 111221002?
122101011
In base 8, what is -237 + -154527?
-154766
In base 10, what is -11 + -7159544?
-7159555
In base 10, what is -25 + 1825417?
1825392
In base 12, what is 1897 + -2251?
-576
In base 9, what is -8 - -5840353?
5840344
In base 15, what is 2275 - -189?
240e
In base 6, what is -532014 + -10240?
-542254
In base 2, what is -1011000110000010000000 - -101?
-1011000110000001111011
In base 4, what is 3230313 - -12310?
3303223
In base 15, what is -6c1 + 5d8?
-d8
In base 11, what is -92591aa - 15?
-9259214
In base 3, what is -110120011210 - -100?
-110120011110
In base 9, what is 16455645 + -1?
16455644
In base 6, what is 52 - 15505331?
-15505235
In base 12, what is -725296 - -15?
-725281
In base 11, what is 3648 + -204?
3444
In base 13, what is -1777c2 + -5?
-1777c7
In base 13, what is 0 - b094bc?
-b094bc
In base 9, what is -27 - -32085478?
32085451
In base 3, what is -100 + 10000122202?
10000122102
In base 4, what is -21 + 11111233200?
11111233113
In base 6, what is -3 + 404344111?
404344104
In base 4, what is 13301321301110 - 11?
13301321301033
In base 6, what is -553 - 14334530?
-14335523
In base 16, what is 31 - -cb62?
cb93
In base 5, what is 311432 + -331011?
-14024
In base 12, what is 2194b95 + 8?
2194ba1
In base 14, what is 263911b - 2c?
26390cd
In base 3, what is -21212022100202220 - -12?
-21212022100202201
In base 14, what is 12685a - 2?
126858
In base 3, what is 12 + 20010100122100?
20010100122112
In base 15, what is ca + -1bd1?
-1b06
In base 9, what is -21155 - 6876?
-28142
In base 11, what is 7636398 + -9?
763638a
In base 10, what is -12263 + -15779?
-28042
In base 8, what is 12740454 - 5?
12740447
In base 6, what is 1 - 3011534505?
-3011534504
In base 16, what is -fa74d - 73?
-fa7c0
In base 4, what is 301122102033 - -2?
301122102101
In base 12, what is 154 + -156877b?
-1568627
In base 6, what is 2200442 + 44?
2200530
In base 7, what is -31241 + 61655?
30414
In base 12, what is -a5735 + a51?
-a48a4
In base 12, what is 409a05546 